t u(a) = -a**2 + 66*a + 9. Calculate u(66).
9
Let l(q) = 175*q + 1227. What is l(-7)?
2
Let i(z) = -30*z**2 + 108*z + 41. What is i(4)?
-7
Let m(h) = h**2 - 50*h + 260. What is m(44)?
-4
Let r(h) = 2*h**3 - 21*h**2 + 25*h + 17. Determine r(9).
-1
Let d(x) = 5*x**2 + 75*x + 248. Give d(-9).
-22
Let k(s) = -13*s**2 + 181*s + 22. Calculate k(14).
8
Let f(q) = -561*q - 18512. What is f(-33)?
1
Let h(m) = 4*m**2 - 107*m + 233. Determine h(24).
-31
Let u(o) = o**2 + o - 420. Determine u(-21).
0
Let h(b) = -7*b**3 + 6*b**2 - 2*b - 26. Determine h(3).
-167
Let q(z) = -2*z**2 + 180*z - 348. What is q(88)?
4
Let o(f) = -5*f**2 - 5*f - 84. What is o(-9)?
-444
Let n(x) = -x**3 - 48*x**2 - 42*x + 245. What is n(-47)?
10
Let f(q) = 716*q - 4930. Calculate f(7).
82
Let o(v) = -v**2 - 1191*v - 122772. What is o(-114)?
6
Let g(a) = a**3 - 26*a**2 + 12*a - 195. What is g(26)?
117
Let g(v) = -2*v**3 + 30*v**2 - 104*v + 16. Determine g(4).
-48
Let n(w) = 40*w + 2450. Give n(-61).
10
Let f(h) = 3119*h - 46791. Give f(15).
-6
Let j(i) = i**3 - 60*i - 24. Calculate j(-8).
-56
Let s(j) = -j**3 - 8*j**2 + 17*j - 23. Calculate s(-10).
7
Let k(n) = 11*n**2 + 362*n - 29. Calculate k(-33).
4
Let t(i) = -7*i**2 + 455*i + 5246. Give t(-10).
-4
Let x(s) = s**3 + 14*s**2 - 138*s + 189. Determine x(-21).
0
Let g(m) = 70*m + 1545. Calculate g(-22).
5
Let x(s) = 73*s**2 - 2336*s - 20. Calculate x(32).
-20
Let h(z) = 70*z - 1336. Calculate h(19).
-6
Let k(d) = d**2 - 19*d - 6. Give k(-6).
144
Let o(u) = 3*u**3 + 12*u**2 + 18*u + 39. What is o(-4)?
-33
Let j(p) = -91*p + 1435. Calculate j(16).
-21
Let t(g) = -402*g - 15680. Give t(-39).
-2
Let j(y) = -y**2 - 27*y - 54. Determine j(-33).
-252
Let k(s) = -1119*s + 32447. Calculate k(29).
-4
Let l(i) = 2*i**3 - 23*i**2 - 4*i - 11. What is l(12)?
85
Let z(h) = -3*h**2 + 5*h. Calculate z(11).
-308
Let h(y) = -42*y - 10. Determine h(-6).
242
Let x(w) = -2*w**2 + 36*w - 5. Calculate x(7).
149
Let w(u) = -2*u**2 - 5*u + 40. Determine w(-7).
-23
Let h(l) = -l**3 + 52*l**2 - 94*l - 298. What is h(50)?
2
Let h(m) = -2*m**2 + 12*m - 113. Determine h(7).
-127
Let m(q) = -q**2 - 62*q - 651. Calculate m(-48).
21
Let y(m) = -71*m + 3697. Determine y(52).
5
Let o(s) = -219*s + 31091. Determine o(142).
-7
Let y(q) = 8*q**2 + 41*q + 175. Determine y(-5).
170
Let n(r) = r**2 - 16*r + 36. Give n(6).
-24
Let p(d) = 23*d + 2641. Determine p(-115).
-4
Let o(f) = 2*f**3 + 23*f**2 - 25*f - 30. Determine o(-13).
-212
Let x(w) = -5*w + 135. Give x(31).
-20
Let q(a) = 71*a - 3750. Determine q(53).
13
Let s(h) = h**2 + 33*h + 173. Give s(-30).
83
Let i(h) = -3*h**2 + 1212*h + 7377. Determine i(410).
-3
Let z(j) = -35*j - 2. Determine z(-5).
173
Let t(k) = 360*k - 1436. Give t(4).
4
Let d(m) = -4*m**2 + 12*m. Give d(6).
-72
Let b(t) = -67*t + 3784. Determine b(58).
-102
Let q(z) = 30*z**2 + 1622*z + 27. Determine q(-54).
-81
Let p(s) = -150*s - 6900. Determine p(-46).
0
Let u(b) = -5*b**2 + 97*b + 565. Calculate u(-5).
-45
Let k(r) = -r**3 - r**2 - 3*r - 7. Calculate k(-2).
3
Let n(f) = -553*f**2 - 11*f - 10. What is n(-1)?
-552
Let p(k) = 2*k**2 + 1997*k + 65588. Give p(-34).
2
Let g(t) = 2*t**2 + 6*t + 1. Give g(7).
141
Let r(q) = 41*q**3 - 13*q - 12. Calculate r(-1).
-40
Let c(u) = u**3 - 2*u**2 - 64*u + 234. Determine c(5).
-11
Let n(g) = -g**3 - 4*g**2 + 2*g + 32. What is n(-4)?
24
Let t(k) = k**3 - 43*k**2 - 183*k + 41. Calculate t(47).
276
Let p(c) = -6*c + 338. Calculate p(17).
236
Let k(q) = -3*q**2 - 240*q - 4805. Calculate k(-42).
-17
Let t(p) = -1471*p - 16199. Calculate t(-11).
-18
Let p(h) = -72*h + 2953. What is p(41)?
1
Let b(a) = -498*a + 3028. What is b(6)?
40
Let l(r) = 10*r**2 + 104*r + 40. Give l(-10).
0
Let g(l) = -l**3 - 5*l**2 + 201*l + 60. Give g(12).
24
Let p(c) = 22*c + 143. Give p(3).
209
Let c(z) = -z**2 - 124*z - 717. Determine c(-6).
-9
Let r(w) = -12400*w - 62014. What is r(-5)?
-14
Let m(o) = -2*o**2 - 232*o - 2848. Give m(-14).
8
Let r(g) = -g**3 + 12*g**2 - 21*g - 1. What is r(11)?
-111
Let i(s) = 47*s - 1088. Give i(23).
-7
Let c(n) = -n**2 - 74*n - 705. Give c(-11).
-12
Let o(h) = 30*h - 87. What is o(7)?
123
Let s(x) = -9*x**2 - 13*x + 51. Give s(5).
-239
Let j(z) = 3*z**3 - 3*z**2 + 2*z + 27. Determine j(-5).
-433
Let t(y) = -y**3 - 29*y**2 + 176*y + 268. Calculate t(-34).
64
Let y(x) = x**3 - 56*x**2 - 57*x + 176. What is y(57)?
176
Let i(l) = 800*l + 10397. What is i(-13)?
-3
Let i(b) = -5*b**2 + 17*b + 16. Determine i(5).
-24
Let i(t) = -405*t - 482. Calculate i(-4).
1138
Let d(g) = g**3 - 36*g**2 + 39*g - 158. Give d(35).
-18
Let k(p) = 260*p - 5716. What is k(22)?
4
Let a(z) = -2*z**3 - 14*z**2 - 16*z + 6. Give a(-2).
-2
Let x(m) = 5*m**2 - 44*m + 119. What is x(5)?
24
Let a(c) = -c**3 + 13*c**2 + 8*c + 77. What is a(14)?
-7
Let j(k) = k**3 + 20*k**2 - 5*k - 71. Give j(-20).
29
Let a(f) = f**3 + 118*f**2 - 2019*f - 3196. Calculate a(-133).
-4
Let x(i) = -i**3 - 20*i**2 - 77*i - 58. Give x(-14).
-156
Let u(g) = -g**3 - 14*g**2 + 26*g - 18. Calculate u(-8).
-610
Let p(t) = 252*t - 21. What is p(1)?
231
Let s(k) = -k**2 + 192*k - 3742. Give s(22).
-2
Let x(r) = -r**2 + 20*r - 54. What is x(18)?
-18
Let n(g) = -75*g + 2324. Determine n(32).
-76
Let n(h) = -h**2 + 15*h - 29. Determine n(13).
-3
Let f(t) = -4*t**2 - 130*t + 69. What is f(-33)?
3
Let y(p) = -2*p**3 - 2*p**2 - 20*p + 12. What is y(-5)?
312
Let n(c) = 7*c**2 + 55*c + 467. Determine n(-9).
539
Let t(c) = -77*c + 24. Calculate t(-1).
101
Let m(a) = -47*a**2 - 98*a + 283. Determine m(3).
-434
Let l(s) = s**2 + 92*s - 278. Give l(3).
7
Let o(t) = t**3 + 13*t**2 + 55*t + 80. What is o(-8)?
-40
Let r(z) = z**3 - 6*z**2 - z - 119. What is r(0)?
-119
Let q(w) = 37*w + 1213. Calculate q(-33).
-8
Let z(l) = -2*l**2 - 32*l - 43. Calculate z(-15).
-13
Let f(a) = -3*a**2 + 24*a + 5. Calculate f(8).
5
Let c(k) = -62*k - 3939. Calculate c(-64).
29
Let z(f) = -f**2 - 19*f - 87. Determine z(-14).
-17
Let u(x) = -359*x - 33379. Determine u(-93).
8
Let n(c) = -5*c**3 - 4*c**2 - 46*c - 203. Give n(-4).
237
Let n(y) = -32*y + 515. What is n(17)?
-29
Let d(n) = 10*n**2 - 129*n + 460. Determine d(4).
104
Let t(x) = -13*x**3 - 5*x + 6. What is t(2)?
-108
Let j(q) = 240*q + 18726. Calculate j(-78).
6
Let f(u) = -u**3 + 61*u**2 + 792*u - 8. Determine f(72).
-8
Let f(t) = 3*t**2 - 520*t + 708. Calculate f(172).
20
Let y(o) = -11*o**3 - 18*o**2 - 17*o + 5. What is y(-2)?
55
Let k(w) = -24*w**2 + 43*w + 2. Calculate k(2).
-8
Let u(x) = -25*x - 746. Calculate u(-27).
-71
Let o(h) = h**2 + 26*h - 45. Give o(-29).
42
Let q(m) = -m**3 + 23*m**2 + 24*m + 18. What is q(24)?
18
Let g(i) = -7086*i + 49610. What is g(7)?
8
Let n(z) = -297*z - 898. What is n(-3)?
-7
Let n(y) = -y**2 - 109*y - 2948. Calculate n(-59).
2
Let v(w) = 7*w - 114. Determine v(34).
124
Let y(k) = -9*k**2 - 221*k + 82. Determine y(-25).
-18
Let r(j) = 1124*j - 14628. Determine r(13).
-16
Let v(k) = -2*k**2 + 22*k + 34. Calculate v(12).
10
Let b(k) = -8*k**3 - 272*k**2 - 3*k - 61. Give b(-34).
41
Let u(s) = -s**3 - 217*s**2 - 2073*s - 634. Give u(-207).
-13
Let h(w) = -34*w + 474. Determine h(14).
-2
Let o(d) = -3*d**3 - 30*d**2 - 53*d - 35. Determine o(-8).
5
Let a(n) = -197*n - 267. Determine a(-1).
-70
Let o(h) = -62*h - 320. What is o(-6)?
52
Let u(v) = -55*v**2 + 95*v - 96. Give u(1).
-56
Let t(n) = -4*n - 88. Determine t(-8).
-56
Let q(f) = -f**3 + 4*f**2 - 2*f - 4. What is q(6)?
-88
Let o(v) = -v**2 - 426*v + 1268. What is o(3)?
-19
Let k(t) = -2*t**2 - 197*t - 1515. Determine k(-91).
-150
Let h(p) = p**3 + 137*p**2 - 115*p - 21. Calculate h(1).
2
Let p(m) = -m**2 - 18*m + 913. Give p(-38).
153
Let q(z) = 32*z**2 + 9*z - 3. What is q(3)?
312
Let s(f) = f**2 - 6*f - 239. Calculate s(-14).
41
Let b(g) = 14*g**2 - 158*g + 113. Calculate b(8).
-255
Let o(f) = -16*f + 81. Determine o(-6).
177
Let p(a) = a - 112. Calculate p(87).
-25
Let i(p) = 2*p**2 + p + 10. What is i(4)?
46
Let q(n) = 140*n + 4659. Determine q(-34).
-101
Let s(m) = -m**2 + 12*m - 52. Give s(8).
-20
Let x(y) = y**2 - 2361*y + 11789. Determine x(5).
9
Let c(t) = -2*t + 206. What is c(-20)?
246
Let t(p) = -304*p - 5428. Determine t(-18).
44
Let m(z) = 3*z**3 + 17*z**2 + 9*z - 6. Calculate m(3).
255
Let f(c) = -c**3 + 86*c**2 + 297*c - 2664. Give f(89).